302 (base 5) in base 12?
318
What is -22415 (base 7) in base 11?
-4309
-552424 (base 6) to base 10
-45952
Convert 38eb (base 16) to base 11.
aa47
Convert 133241 (base 8) to base 10.
46753
Convert -32029 (base 10) to base 13.
-1176a
Convert -86a (base 12) to base 8.
-2322
-13228 (base 12) to base 4
-12122000
What is 1136 (base 7) in base 8?
643
-2000101 (base 3) to base 6
-10444
Convert -135040 (base 8) to base 3.
-2102100202
What is -41122 (base 9) in base 5?
-1331244
Convert 4219 (base 10) to base 3.
12210021
1a69 (base 16) to base 3
100021102
What is 1001100010 (base 2) in base 3?
211121
What is -133042 (base 6) in base 8?
-30062
1ac6 (base 13) to base 15
12ee
What is 40 (base 6) in base 2?
11000
Convert -201334 (base 5) to base 13.
-2c38
Convert -ad4 (base 14) to base 16.
-862
1101101011110 (base 2) to base 10
7006
What is -5924 (base 14) in base 13?
-70a7
-1010101011 (base 2) to base 3
-221022
-11220121 (base 3) to base 13
-1825
-20d (base 16) to base 4
-20031
Convert 182 (base 14) to base 7.
622
Convert 110010101101 (base 2) to base 11.
2490
-121447 (base 8) to base 5
-2314032
2113033 (base 4) to base 11
72aa
What is 242 (base 14) in base 4?
13002
Convert -6833 (base 10) to base 3.
-100101002
-6038 (base 11) to base 4
-1331123
Convert -47d (base 14) to base 15.
-3ea
-13313331 (base 4) to base 2
-111110111111101
Convert 26506 (base 7) to base 16.
1bc7
Convert 2121202 (base 3) to base 9.
2552
What is 1351 (base 9) in base 2?
1111111010
3096 (base 12) to base 4
1102302
What is -1d9 (base 16) in base 2?
-111011001
Convert 220221 (base 3) to base 9.
827
What is -31530 (base 8) in base 9?
-20024
643 (base 9) to base 11
438
What is 1791 (base 15) in base 13?
2413
What is -66696 (base 10) in base 5?
-4113241
What is -2201113 (base 4) in base 9?
-15144
What is 257 (base 9) in base 10?
214
What is -716 (base 8) in base 5?
-3322
-9ca (base 13) to base 6
-11451
-629 (base 13) to base 5
-13144
Convert -783 (base 9) to base 8.
-1202
-af (base 16) to base 7
-340
What is -11021 (base 3) in base 12?
-97
What is 26433 (base 8) in base 11?
8748
-3242 (base 7) to base 16
-485
Convert -100000100010 (base 2) to base 12.
-1256
3ab (base 15) to base 6
3512
-38a (base 15) to base 4
-30211
25a (base 13) to base 7
1130
Convert 1625 (base 7) to base 12.
468
What is -1c4 (base 15) in base 13?
-256
What is 227a (base 16) in base 2?
10001001111010
What is -5088 (base 10) in base 7?
-20556
What is 255 (base 7) in base 8?
212
Convert -3201 (base 11) to base 10.
-4236
-132213 (base 7) to base 12
-12430
What is 3421 (base 6) in base 12?
571
What is -100000 (base 3) in base 10?
-243
Convert a47 (base 16) to base 6.
20103
Convert -355 (base 11) to base 3.
-120200
Convert 302322 (base 5) to base 13.
4561
What is -1742 (base 8) in base 6?
-4334
Convert 4026 (base 7) to base 6.
10240
Convert 202322 (base 4) to base 6.
14202
34152 (base 9) to base 11
16091
-23150 (base 13) to base 9
-106642
What is 10001011 (base 2) in base 3?
12011
Convert -16267 (base 13) to base 10.
-42166
Convert 1202 (base 5) to base 9.
216
What is -66125 (base 8) in base 3?
-1102001011
Convert 1bb0 (base 13) to base 6.
31235
Convert -bc (base 15) to base 12.
-129
What is -1090 (base 10) in base 13?
-65b
What is 112112 (base 4) in base 6?
10342
Convert 6443 (base 13) to base 8.
33131
68 (base 9) to base 14
46
Convert 77 (base 16) to base 5.
434
-6c3 (base 13) to base 8
-2225
-1064 (base 8) to base 15
-279
-98 (base 10) to base 8
-142
What is 211101002 (base 3) in base 10?
16310
727 (base 12) to base 13
61c
What is 390 (base 12) in base 13?
327
Convert -2c7a (base 14) to base 15.
-254d
Convert 16186 (base 10) to base 9.
24174
Convert 567 (base 8) to base 5.
3000
-271 (base 12) to base 3
-111211
a38 (base 16) to base 2
101000111000
Convert -409 (base 10) to base 4.
-12121
1020211021 (base 3) to base 10
24658
Convert -102102112 (base 3) to base 13.
-3a3a
What is 4007 (base 8) in base 16?
807
What is 1221221 (base 4) in base 2?
1101001101001
What is -a2e (base 15) in base 9?
-3128
Convert -1052 (base 7) to base 4.
-11330
Convert -345 (base 14) to base 15.
-2d4
What is 1111131 (base 4) in base 8?
12535
What is -4655 (base 8) in base 12?
-1525
Convert 1110d (base 14) to base 8.
120631
158a2 (base 12) to base 16
77ba
Convert -3301030 (base 4) to base 3.
-210011201
-111337 (base 8) to base 15
-b219
Convert 101001 (base 5) to base 15.
e6b
What is 8d1 (base 14) in base 4?
123113
Convert 938 (base 12) to base 4.
110330
Convert -44502 (base 6) to base 12.
-3732
Convert 456c (base 13) to base 10.
9723
What is 5000 (base 6) in base 2?
10000111000
What is 1310 (base 5) in base 15?
da
-165e (base 15) to base 11
-3687
What is 161 (base 8) in base 16?
71
Convert 42542 (base 6) to base 2.
1011010111110
Convert 30839 (base 11) to base 8.
127605
What is 33034 (base 6) in base 4?
1013032
Convert 17e (base 15) to base 7.
1001
-3560 (base 7) to base 14
-6a0
1373 (base 12) to base 6
14223
Convert -34624 (base 10) to base 6.
-424144
Convert 6226 (base 7) to base 9.
2877
What is 357 (base 10) in base 11?
2a5
-3016 (base 7) to base 12
-72a
23003 (base 4) to base 8
1303
What is 110100001100010 (base 2) in base 16?
6862
What is 611 (base 9) in base 2?
111110000
-1301 (base 6) to base 11
-276
456 (base 14) to base 5
11420
-21311301 (base 4) to base 12
-1b3a9
Convert -263 (base 12) to base 7.
-1026
What is -82341 (base 9) in base 7?
-314044
What is 1001001000110000 (base 2) in base 15?
b14e
Convert 1b5 (base 16) to base 2.
110110101
Convert -2180 (base 9) to base 7.
-4461
-76a (base 14) to base 11
-1113
What is -105178 (base 9) in base 12?
-30452
-202231 (base 4) to base 6
-14141
What is 1cd7 (base 14) in base 6?
40245
11020012010 (base 3) to base 9
136163
What is -6252 (base 8) in base 14?
-1278
What is -2304 (base 6) in base 3?
-202011
-36037 (base 8) to base 5
-443031
Convert -350 (base 7) to base 16.
-b6
Convert 425 (base 7) to base 16.
d7
What is -2018a (base 11) in base 5?
-1421001
Convert -4c15 (base 16) to base 3.
-222201101
What is 1015130 (base 6) in base 7?
263052
Convert -2543 (base 9) to base 6.
-12450
Convert 1209a (base 12) to base 13.
b0b0
Convert 21c43 (base 14) to base 10.
81987
Convert 822 (base 12) to base 5.
14203
845 (base 10) to base 14
445
Convert 4eb (base 15) to base 3.
1112112
1a (base 13) to base 14
19
Convert 14d1 (base 14) to base 15.
1176
Convert 495c (base 14) to base 11.
96a7
-1111001110 (base 2) to base 12
-692
What is 321 (base 9) in base 3?
100201
What is -7b (base 15) in base 2?
-1110100
-551 (base 6) to base 9
-254
Convert -191 (base 16) to base 12.
-295
Convert d9e (base 16) to base 10.
3486
-10011100001100 (base 2) to base 16
-270c
-20010022 (base 3) to base 2
-1000101101111
Convert -164 (base 15) to base 3.
-102211
What is -2203411 (base 5) in base 3?
-1221002201
What is -17878 (base 9) in base 2?
-11000001011111
What is -a486 (base 11) in base 15?
-41ad
What is -243405 (base 6) in base 12?
-10565
Convert 97 (base 12) to base 11.
a5
What is 500 (base 6) in base 9?
220
-2210220020 (base 3) to base 2
-1101100000100001
-305 (base 12) to base 2
-110110101
Convert 120201 (base 4) to base 13.
939
340001 (base 5) to base 13
5537
-1081 (base 15) to base 12
-2034
Convert 3266 (base 7) to base 2.
10010010111
What is -11011111111110 (base 2) in base 3?
-201122220
36e (base 15) to base 3
1001212
Convert 1111001 (base 3) to base 15.
4c1
-101442 (base 5) to base 12
-1b50
-490 (base 11) to base 7
-1462
Convert -1153 (base 14) to base 5.
-44023
What is 1219 (base 12) in base 13?
c09
What is 6060 (base 10) in base 6?
44020
What is 15205 (base 8) in base 9?
10273
What is -9b (base 14) in base 9?
-162
-15106 (base 7) to base 4
-1001023
Convert -1844 (base 13) to base 6.
-24405
-516 (base 9) to base 3
-120120
Convert -671 (base 16) to base 4.
-121301
Convert -1011110101101111 (base 2) to base 14.
-1395d
What is -546 (base 10) in base 5?
-4141
Convert 15475 (base 8) to base 9.
10507
Convert 56 (base 8) to base 16.
2e
Convert -b3 (base 13) to base 10.
-146
What is b1c (base 16) in base 3?
10220100
287d (base 14) to base 5
212132
What is 682 (base 16) in base 8?
3202
-2565 (base 7) to base 5
-12403
What is 1098 (base 12) in base 13?
abb
What is 254 (base 12) in base 6?
1344
What is -33313 (base 5) in base 4?
-210131